4422024
Convert -10001101001110011011 (base 2) to base 8.
-2151633
Convert -10010101111101110 (base 2) to base 14.
-1dda6
What is 7313fa (base 16) in base 6?
425351310
Convert -89941 (base 10) to base 16.
-15f55
What is -2032260 (base 7) in base 2?
-111011011001111111
What is 77918 (base 11) in base 14?
2d212
Convert -368632a (base 11) to base 5.
-3120001443
What is 53ac7d (base 16) in base 11?
3105a42
-695a0c (base 14) to base 10
-3588380
What is 220021202112 (base 3) in base 6?
14125105
Convert 10919a0 (base 11) to base 7.
22125305
What is -4b23c0 (base 13) in base 12?
-730268
2142141212 (base 5) to base 14
88d440
Convert 1010010101110000000100 (base 2) to base 16.
295c04
What is 326762 (base 8) in base 11?
75770
Convert -213b470 (base 13) to base 2.
-100110101010011111101000
Convert 11010202020122 (base 3) to base 5.
1030341242
Convert 305160 (base 9) to base 12.
88853
Convert 11000100100000 (base 2) to base 16.
3120
What is 17150 (base 14) in base 2?
1110001000100010
101000000000111110 (base 2) to base 6
3302450
Convert 237c4e (base 16) to base 13.
6356ac
Convert 22101201 (base 5) to base 10.
190801
What is -7264303 (base 8) in base 5?
-443133423
12200201112 (base 3) to base 16
1b5c0
Convert -6563614 (base 7) to base 12.
-32a2b1
Convert -3220030203 (base 5) to base 4.
-121323313103
Convert 404040211 (base 5) to base 12.
665a58
4663357 (base 8) to base 7
13544046
-2138583 (base 9) to base 6
-40334250
What is 419ac (base 16) in base 4?
1001212230
-3715143 (base 9) to base 8
-7545310
-20211222000121 (base 3) to base 14
-6aaa9c
Convert 62136565 (base 7) to base 3.
100210100001121
What is -1110010111001101 (base 2) in base 11?
-40221
What is 102301310223 (base 4) in base 11?
2862522
Convert 159855 (base 10) to base 6.
3232023
What is 25699 (base 11) in base 13?
13977
Convert 242432144 (base 6) to base 12.
1662654
Convert af7e92 (base 16) to base 11.
6546029
Convert -11120110100 (base 3) to base 9.
-146410
Convert -457b1 (base 13) to base 16.
-1ee5c
Convert 1221220210201 (base 3) to base 14.
1d183c
b15a45 (base 12) to base 15
39a24b
Convert 353888 (base 11) to base 10.
561415
1122043121 (base 5) to base 10
2534161
27806b (base 13) to base 6
32325134
-2cf106 (base 16) to base 8
-13170406
521554 (base 8) to base 16
2a36c
Convert -1a0929 (base 15) to base 3.
-2101101221110
-6762aa (base 13) to base 3
-11121000220012
What is -41d64b (base 14) in base 11?
-1290997
-b961 (base 12) to base 15
-6087
What is 1111001010111011100 (base 2) in base 13?
145369
-10302131010 (base 5) to base 3
-202122112100000
-ab043b (base 12) to base 7
-32044253
54699 (base 10) to base 8
152653
What is 200234 (base 5) in base 13?
2b51
What is -106153 (base 7) in base 15?
-5937
-63698 (base 11) to base 7
-534116
Convert -4092ce (base 15) to base 4.
-23231021213
-14c530 (base 14) to base 16
-b11be
-10011110000000010000 (base 2) to base 11
-40226a
What is -15522650 (base 7) in base 4?
-11232213020
What is 8b268 (base 13) in base 16?
3dc97
Convert 88cb4e (base 16) to base 13.
1b1b6cc
Convert 1a1767 (base 11) to base 14.
80c24
Convert -348b (base 12) to base 10.
-5867
-3a9172 (base 12) to base 8
-3545646
What is 262501 (base 9) in base 2?
100110111001100000
-200021020120222 (base 3) to base 11
-5531181
Convert 410720 (base 9) to base 4.
323122032
What is -483194 (base 12) in base 5?
-244313111
What is -aa9302 (base 11) in base 7?
-21016130
Convert -65237 (base 10) to base 2.
-1111111011010101
What is 22121101002 (base 3) in base 6?
3344132
-66067b (base 15) to base 7
-56215241
-18c713 (base 14) to base 11
-550838
-12242101014 (base 5) to base 11
-8399618
What is -2101134 (base 6) in base 12?
-4a7aa
Convert -33232223 (base 4) to base 11.
-44450
What is -3a8652 (base 11) in base 7?
-5306534
Convert -5a05 (base 12) to base 7.
-41255
-1d3109 (base 14) to base 2
-11111111010010100101
What is -2001000120211 (base 3) in base 7?
-12130261
What is 4245502 (base 8) in base 2?
100010100101101000010
Convert -ae98 (base 15) to base 2.
-1001000010110011
Convert -79c28 (base 16) to base 2.
-1111001110000101000
What is -22204150 (base 6) in base 4?
-2203133202
1277501 (base 8) to base 4
1113331001
2892735 (base 10) to base 16
2c23bf
Convert 53886 (base 10) to base 11.
37538
What is 10450304 (base 7) in base 6?
31204115
What is -223012303 (base 4) in base 7?
-1333522
-115141 (base 10) to base 7
-656455
Convert 1adc8e (base 15) to base 11.
816a81
-5a0d5 (base 14) to base 8
-655073
What is -5362015 (base 8) in base 11?
-89a956
What is 1a4891 (base 11) in base 10?
313853
101002110222 (base 3) to base 15
3dcc8
What is 37ee32 (base 15) in base 4?
22033001003
-47886 (base 12) to base 10
-96294
437221 (base 8) to base 12
71155
What is 349ab (base 13) in base 11?
66254
12010201211 (base 3) to base 5
11214022
Convert -bc1b43 (base 14) to base 5.
-3113211030
What is -3780 (base 10) in base 3?
-12012000
-161a1b4 (base 14) to base 16
-a52422
Convert -a4006 (base 12) to base 4.
-310110012
Convert -110010011000111000 (base 2) to base 9.
-344104
What is -505035 (base 6) in base 7?
-224366
122200201020120 (base 3) to base 8
43674703
What is 35c52 (base 13) in base 10?
98763
-3aa643 (base 12) to base 6
-32500123
10120313300 (base 5) to base 11
5910870
-102133000232 (base 4) to base 9
-10104835
What is -18a810 (base 15) in base 9?
-2228006
Convert -35572114 (base 8) to base 4.
-131233101030
Convert -1101010100000111 (base 2) to base 6.
-1100251
Convert -21524350 (base 8) to base 3.
-22201021012122
-1000210201210 (base 3) to base 12
-224870
What is 56702421 (base 8) in base 6?
1115222521
Convert -27a5c5 (base 14) to base 15.
-1c1cd8
What is -1011101101101011011 (base 2) in base 13?
-10592a
What is -10100001100101111111 (base 2) in base 5?
-132140022
Convert -b15733 (base 14) to base 11.
-3408075
Convert -7db4ce (base 16) to base 11.
-4717601
Convert -10195b (base 15) to base 3.
-1102212012012
Convert -28aa041 (base 11) to base 13.
-1059b3a
What is -34203 (base 6) in base 4?
-1023123
-270420 (base 8) to base 2
-10111000100010000
-22361124 (base 8) to base 12
-1756158
Convert -18056b (base 14) to base 7.
-10123064
-100558 (base 15) to base 2
-10111001101100000111
275eb (base 15) to base 10
126221
356207 (base 10) to base 3
200002121212
-11100222021102 (base 3) to base 10
-2322065
1684205 (base 12) to base 13
c6b606
What is -100011101010001110 (base 2) in base 9?
-242321
What is -bd75d (base 15) in base 2?
-10010011000100101101
25204 (base 15) to base 13
41c86
Convert -24556215 (base 7) to base 5.
-1031402030
Convert -5602c4 (base 13) to base 4.
-13233030221
Convert -318a33 (base 15) to base 4.
-20333230200
Convert -606024 (base 7) to base 12.
-4b686
What is -1001002111 (base 3) in base 7?
-113464
Convert 5030462 (base 7) to base 11.
377605
Convert 530302142 (base 6) to base 9.
18375608
What is -1852736 (base 9) in base 11?
-64a42a
What is -514ba (base 12) in base 2?
-11001111010001110
What is 11120010120220 (base 3) in base 15?
32d1a0
Convert 35ccc8 (base 14) to base 12.
749494
b45507 (base 15) to base 10
8573632
Convert -118856 (base 11) to base 3.
-100112000121
-21116 (base 14) to base 3
-11001110021
1111001001001100011100 (base 2) to base 4
33021030130
Convert 11101101100 (base 3) to base 2.
10101000100011101
-526006 (base 8) to base 11
-10a621
What is 66a87b (base 14) in base 6?
202421245
-1300020313 (base 6) to base 10
-15119253
What is 120320303 (base 4) in base 15?
2030e
What is -111023101 (base 4) in base 5?
-10233422
What is 24763212 (base 8) in base 2?
10100111110011010001010
Convert 10ab6e (base 16) to base 2.
100001010101101101110
What is 2244112 (base 7) in base 10?
279946
2820157 (base 13) to base 6
1131445501
Convert 281502 (base 16) to base 2.
1010000001010100000010
Convert 2423200212 (base 5) to base 14.
a7b446
8426 (base 11) to base 12
6560
Convert -200211201021 (base 3) to base 10.
-370852
What is -337815 (base 10) in base 4?
-1102132113
What is 142022 (base 12) in base 5?
41212013
What is 123000033 (base 4) in base 14?
2c447
437156 (base 9) to base 5
31323424
20163 (base 14) to base 9
126703
What is 2021020000 (base 4) in base 9?
1045411
What is 32033010303 (base 4) in base 14?
6d1d87
2040232 (base 5) to base 8
102031
Convert 438743 (base 16) to base 9.
8284625
134836 (base 16) to base 15
19e6